s the units digit of i/(1*(-1)/r)?
8
Suppose 3*x + 3*j = 2*x - 13, -4*j - 16 = 2*x. Suppose v = x*v - 21. What is the units digit of v?
1
Let f(t) = 12*t - 1. What is the units digit of f(1)?
1
Let t = 15 - 21. Let i = 12 + t. What is the units digit of i?
6
Let k(a) = a**3 - 5*a**2 + 5*a - 5. Let w be k(5). Suppose -w = -0*q - q. What is the units digit of q?
0
Let p = -6 - 17. Let y = 37 + p. What is the units digit of y?
4
Suppose -71 = -4*f + 13. What is the units digit of f?
1
Suppose -5*r = -0*r. Suppose 4*n + 17 + 3 = r. What is the units digit of 3/n + (-96)/(-10)?
9
Suppose 24 = -i + 4*i. Let f(h) = h - 5. Let w be f(i). What is the units digit of ((-1)/w)/(1/(-3))?
1
Let b(z) = 8*z**2 - 6 - z + 3*z**3 + 5*z - 2*z**3. Let j be b(-5). Suppose -5*r = -j + 4. What is the units digit of r?
9
Let y(q) = -4*q - 38. What is the tens digit of y(-16)?
2
Let v = -146 - -259. What is the hundreds digit of v?
1
Let p(i) = i**2 + 2*i - 3. Let d be p(-4). Suppose -3*u + d*j + 39 = 0, 0 = -3*u + 7*u - 3*j - 41. What is the units digit of u?
8
Suppose -16 = -j - 0*j. Suppose -3*o + j = -2*o. What is the tens digit of o?
1
Let a = -11 + 7. Let h(m) = 3*m - 15. Let l be h(0). What is the units digit of (l/10)/(2/a)?
3
Suppose s = -4*s + 155. What is the tens digit of s?
3
Let t = -103 - -177. What is the tens digit of t/6 - (-3)/(-9)?
1
Let p(t) = -28*t - 11. Let q be p(-8). Let c = 5 - q. What is the units digit of c/(-36) - 4/(-18)?
6
Let i be (-162)/2*1/(-3). Let d = 41 - i. Let m = d - 9. What is the units digit of m?
5
What is the units digit of 282/(-24)*(0 - 4)?
7
Let d(s) = 7*s. Let l be d(1). What is the units digit of (8 - -1)/(l/21)?
7
Let h = 27 - -8. Suppose 0 = 5*x + 15 - h. Suppose n = -a + 1, -3*n - 2 = -2*n + x*a. What is the units digit of n?
2
Suppose 0 = -3*a + 9. Let b be 6/(-4)*(-4)/a. Suppose u - 3*k = 23, 0 = -4*u - b*k + 17 + 5. What is the units digit of u?
8
Suppose 2*h + r + 209 = 6*h, 2*r = -3*h + 143. What is the units digit of h?
1
Let o = 325 + -232. What is the tens digit of o?
9
Let y = 8 + -14. What is the units digit of y*(-3 - -2) + 0?
6
Let g be (-8)/(-12) - 49/(-3). Suppose 0 = h + 3*z + 8 + 2, -3*z - 30 = -3*h. Suppose -h*u + g = -18. What is the units digit of u?
7
Let q(d) = -d**2 + 6*d + 1. Let w be q(5). Let b = 20 - w. What is the tens digit of b?
1
Suppose -q + 42 = 2*k - 3*q, 4*q = k - 24. Let g be (28/10)/((-4)/k). What is the tens digit of 105/g*8/(-6)?
1
Suppose -5*y + 24 + 211 = 0. What is the tens digit of y?
4
Let l be -6 + 1 - 2*-1. What is the tens digit of (-9)/4*32/l?
2
Let t = -18 - -16. What is the units digit of (12/(-30))/(t/20)?
4
Let l(q) = -q + 1. Suppose -5*b - 30 = a, -b + 15 = a - 5*b. What is the units digit of l(a)?
6
Let p(y) = -4*y - 2. Let r be p(5). Let a = r + 41. What is the units digit of a?
9
Let c(j) = 3*j - 24. What is the units digit of c(11)?
9
Let w = -3 - -5. What is the units digit of (5 - w) + (-64)/(-2)?
5
Suppose -p + 104 = 3*p. Let v = p + -25. What is the units digit of v?
1
Let o = -2 - -3. Let p(d) = 4*d**3 + d**2 - d. Let c be p(o). Suppose 0*a = -3*a - 3*k + 3, c*k = -20. What is the units digit of a?
6
Suppose 0 = -a + 5*d - 8, -8 = -4*a - 4*d + 8. What is the units digit of (-1 + (-9)/(-2))*a?
7
Let t(b) = 2*b**3 - b**2 + 1. Let w be t(-1). Let q = 8 + w. What is the units digit of q?
6
Let r = -239 + 347. What is the tens digit of r?
0
Let m(z) = 10*z + z**2 - 3 - 2*z - 7. Let i be m(-9). What is the units digit of i - (-3)/(9/24)?
7
Let k(w) = 17*w**2 + 8*w + 11. What is the units digit of k(-2)?
3
Let i(o) = -o**2 + 3*o + 1. Let l be i(2). Let d = 40 - 16. Suppose -p + d = l*p. What is the units digit of p?
6
Let k(w) = w**3 - 5*w**2 - 5*w - 4. Let j be k(6). Suppose 0 = 3*i + 2*d + j + 5, 5*d = i - 26. Let v = 2 + i. What is the units digit of v?
3
Suppose 0*c = 4*c - 196. What is the units digit of c?
9
Let d = 13 + -10. Let n = 0 + d. What is the units digit of n?
3
Suppose 138 = 4*l + 2*l. What is the tens digit of l?
2
Let j(g) = 4*g**2 + 5*g + 5. Let i be (-2)/(-4) + (-15)/(-6). Let h(r) = 3*r**2 + 5*r + 5. Let b(n) = i*h(n) - 2*j(n). What is the units digit of b(-5)?
5
Suppose 14 = 4*b - 2*b. Suppose -b - 9 = -2*z. Let t = 11 - z. What is the units digit of t?
3
What is the units digit of (-92)/(-207)*(-9)/(-2) - -7?
9
Suppose 8 = -5*i + 9*i. Suppose -i*t + 58 + 8 = 0. What is the tens digit of t?
3
Suppose -2*q + 68 = -2*t - 88, -3*q + 244 = 2*t. What is the tens digit of q?
8
Let i(h) = -h**3 + 11*h - 2. What is the units digit of i(-6)?
8
Suppose 15*l - 51 = 14*l. What is the units digit of l?
1
Let v(l) = -l**3 - l**2 - l + 7. Let g be v(0). Suppose 4*i - 2*j + 0*j = 28, i - g = -4*j. What is the units digit of i?
7
Suppose 2*g + 2*j - 2 = 0, -3*g + 4*g + 3 = -5*j. Suppose 0 = -i - 0*i + g. What is the units digit of i?
2
Let r(y) = -y**2 - 1 + 9 + 4*y + 0*y**2. Let h be r(8). What is the units digit of (-18)/4*16/h?
3
Let m(c) = 2*c - 4. What is the tens digit of m(9)?
1
Let t = -84 - -123. What is the units digit of t?
9
Let d = 17 - 13. Suppose a + d*a = 145. What is the units digit of a?
9
Suppose -3*b + b + 58 = 0. What is the tens digit of b?
2
Let u(k) = k**2 + 10*k - 15. Let z be u(-11). What is the tens digit of -43*3*z/12?
4
Let r = 6 + -9. What is the tens digit of ((-24)/10)/(r/40)?
3
What is the units digit of ((-8)/12)/(12/(-9))*346?
3
Let f = -17 + 20. Suppose f*a = -5*k, 3*k - 4*a - 14 = 5*k. What is the units digit of k?
3
Let h = 12 - 23. Suppose -2*p = -4*p + 4. Let s = p - h. What is the units digit of s?
3
Let q be ((-3)/(1 + -4))/(-1). Let n be (-10)/(-3 - 1/q). Suppose 0*g = n*g + y - 20, 3*g = -4*y - 5. What is the units digit of g?
5
Suppose -8 = 3*t - t - 4*c, -3*t + 2*c = 0. Suppose 2*y = 0, 2*y = -2*g - t*g + 48. What is the units digit of (26/(-6))/((-4)/g)?
3
Suppose 5*g = 2*g. Suppose 0 = -v + 2*t + 5, v + 20 = -g*v - 3*t. What is the units digit of (v/15)/(1/(-21))?
7
Suppose -5*l + 58 = 3. What is the tens digit of l?
1
Let c be (2 - (0 + 6))*4. Let x = c - -21. What is the units digit of x?
5
Suppose 3 = t - 0*t. Suppose -t*l + 18 = 4*g, -4 = 2*l - 0. What is the units digit of g?
6
Suppose -440 = 4*d - 12*d. What is the units digit of d?
5
Suppose 5*k - 4 = -34. Suppose -2*y - 26 = 5*z, 5*z - 3*y + 8 + 3 = 0. Let n = z - k. What is the units digit of n?
2
Suppose -5*j = m - 4, -m = 3*m - j - 16. Let w(v) = 2*v - 4. Let n be w(m). Suppose 3*g + 0*k - n*k = -2, 5*k - 13 = 2*g. What is the units digit of g?
6
Let g be 52/9 + (-8)/(-36). Suppose g*a - 105 = a. What is the units digit of a?
1
Let l = 17 - 29. What is the tens digit of l/8*-18 - -3?
3
Let w(p) = p**3 - p + 29. Let m be w(0). Suppose -5*y - m - 41 = -2*f, 5*f = y + 129. What is the tens digit of f?
2
Suppose 246 = -10*l + 2496. What is the units digit of l?
5
Let v(p) be the second derivative of p**4/12 + p**3/2 - p**2 + 2*p. What is the units digit of v(2)?
8
Suppose v = 3*j - 3, -j + 0*v + 2*v = 4. Let z = 10 - -7. Suppose -l - 3*w + 10 = -2*w, j*l - z = w. What is the units digit of l?
9
Let x(j) = 7*j - 3 - 2*j + 3*j. What is the units digit of x(2)?
3
Suppose 2*k + 4*y = 2*y + 2, y = k - 5. Suppose -k*j + 8*j = 20. Suppose 0 = -c - 1 + j. What is the units digit of c?
3
Let d be ((-1 - -2) + -1)/3. What is the units digit of 6 + (1 - (-1 + d))?
8
Let k(u) = -u**3 - u**2. Let n be k(0). Suppose -4*p = 20, n = -2*h - 0*h - 5*p + 19. What is the tens digit of h?
2
Let r = -119 - -194. Suppose 4*s + 90 = -4*u + 9*u, 5*u = s + r. What is the tens digit of u?
1
Suppose -i = -4*r + 9, 4*r + 2*i = -0*i + 6. Suppose 2*k = 4*q - 84, 5*q - 18 - 86 = r*k. Suppose q = -4*t + 9*t. What is the units digit of t?
4
Suppose -6*h + 4 = -4*h. Suppose -h*s - 11 = -3*s. What is the tens digit of s?
1
Suppose 59 = -5*a - 6. Let w = -17 - -9. Let n = w - a. What is the units digit of n?
5
Suppose -h = -4*w - 34, -2*h - w + 123 = 2*w. What is the units digit of h?
4
Let v(h) = -h - 5*h - 4*h + 3*h. Let b be ((-1)/(-3))/(2/(-6)). What is the units digit of v(b)?
7
Suppose 0 = 3*b - 13 - 71. Suppose -3*r + b = 4. What is the units digit of r?
8
Let d = 16 - 9. Let q = d + -8. Let y(a) = -a + 1. What is the units digit of y(q)?
2
What is the tens digit of -1*(-6)/(-3)*